 -264162 (base 9) to base 2.
-100111001100000101
1331891 (base 10) to base 11
82a740
Convert -1033111442 (base 5) to base 13.
-604aa6
354131 (base 15) to base 2
1001101101010101111101
13d37d (base 15) to base 9
1716241
Convert -2115014 (base 6) to base 16.
-19432
101002121010120 (base 3) to base 4
110131330200
What is -20101222122222 (base 3) in base 16?
-33f473
Convert 4552042 (base 6) to base 14.
609d0
1011202200212 (base 3) to base 6
21222422
What is -4a138a2 (base 11) in base 6?
-510454004
What is -1010001112 (base 3) in base 2?
-101010110010111
What is -2030834 (base 13) in base 6?
-544435452
What is 1023123111013 (base 4) in base 12?
6756687
-957eb (base 15) to base 9
-802545
What is -2bb8a (base 13) in base 14?
-224b4
What is 20021211110001 (base 3) in base 8?
14600706
221510314 (base 6) to base 13
aa3560
Convert 1110011011001001111 (base 2) to base 12.
1a963b
Convert 222220220110 (base 3) to base 16.
815fa
What is 9076161 (base 10) in base 16?
8a7dc1
Convert -6aa44 (base 13) to base 5.
-22220312
-5b2c18 (base 15) to base 8
-20511727
What is -10021011012200 (base 3) in base 5?
-421011143
Convert 5790b (base 15) to base 4.
1010010002
c3b686 (base 13) to base 9
8530037
Convert -113651 (base 9) to base 8.
-205351
b9855 (base 12) to base 10
244865
What is 4241313 (base 5) in base 10?
71458
What is 8b660 (base 13) in base 10?
253747
Convert -70ba1a (base 12) to base 5.
-422343134
Convert 1220015 (base 6) to base 5.
4033221
Convert 1111101010001000100 (base 2) to base 3.
222001211102
-1e2277 (base 15) to base 12
-5b1a11
99f18 (base 16) to base 6
21303120
What is -1001000021210 (base 3) in base 9?
-1030253
What is -795162 (base 10) in base 11?
-4a3465
62623211 (base 7) to base 6
305123515
What is 1224334141 (base 5) in base 8?
13236671
Convert -307757 (base 14) to base 15.
-2242be
-432482 (base 11) to base 8
-2506243
Convert -54a81b (base 13) to base 2.
-111100110110101000111
Convert 182106 (base 11) to base 16.
44988
13122132111 (base 4) to base 5
444142240
Convert -59584 (base 11) to base 13.
-30123
What is -11023111 (base 5) in base 6?
-2013410
What is -126725 (base 11) in base 14?
-52841
Convert -31132506 (base 9) to base 4.
-321010210311
2330122232 (base 4) to base 10
771758
Convert 2721611 (base 8) to base 11.
48108a
What is -676 (base 9) in base 11?
-465
What is -676269 (base 10) in base 5?
-133120034
What is -233834 (base 13) in base 16?
-cc29f
2d6c00 (base 14) to base 7
16355600
What is -1003821 (base 11) in base 5?
-423322140
Convert 234602 (base 8) to base 10.
80258
Convert -664241 (base 8) to base 4.
-312202201
Convert 224631211 (base 7) to base 15.
131abbd
What is -102012110002020 (base 3) in base 8?
-26553062
Convert 302213300 (base 5) to base 16.
127852
What is 2372a29 (base 11) in base 8?
17607471
-1443431433 (base 5) to base 9
-7277487
What is -2425857 (base 9) in base 15?
-1b014a
What is 124215 (base 8) in base 5?
2340044
122111232310 (base 4) to base 2
11010010101101110110100
What is -7073507 (base 8) in base 10?
-1865543
-1183aa4 (base 11) to base 8
-7655621
What is 2ab7132 (base 12) in base 10?
8700662
Convert 654045 (base 7) to base 10.
114252
Convert 3032016 (base 9) to base 6.
54343023
1004005111 (base 6) to base 4
213022031203
What is -453099 (base 16) in base 9?
-8471050
Convert 234120401 (base 5) to base 4.
10020103221
14c37 (base 14) to base 9
78037
-30334531 (base 6) to base 16
-d3ef7
What is -40057 (base 8) in base 13?
-762c
What is 1000010010000100110101 (base 2) in base 5?
1023434224
-131c0 (base 13) to base 8
-105225
Convert -20002220100 (base 3) to base 6.
-2324313
-612246 (base 7) to base 10
-104061
-3223315 (base 6) to base 9
-261842
Convert -67128 (base 13) to base 2.
-101101101001000100
What is -1120020000 (base 3) in base 10?
-30780
What is 437132 (base 8) in base 16?
23e5a
1101001111111100 (base 2) to base 3
2202102221
What is 215300 (base 15) in base 14?
2d447b
What is -4214327 (base 8) in base 12?
-460507
-112111002211 (base 3) to base 4
-1011212323
Convert 664345 (base 8) to base 16.
368e5
1213676 (base 8) to base 6
11053102
What is 6a3a0 (base 12) in base 2?
100010101110101000
-1029444 (base 10) to base 15
-155049
Convert -22022211213 (base 4) to base 6.
-133041023
What is -121110210000 (base 3) in base 4?
-1033022103
-11101111001110001 (base 2) to base 7
-1020042
Convert 122133122 (base 5) to base 9.
1078414
-96b805 (base 13) to base 7
-42035256
What is 224613 (base 8) in base 13?
28894
Convert 214b9 (base 15) to base 2.
11001110011100011
Convert -2c5e9 (base 16) to base 6.
-3521213
What is 1001001010100111000101 (base 2) in base 5?
1103342012
Convert 16b433 (base 12) to base 5.
100032441
What is -3322131 (base 6) in base 9?
-273201
1b374 (base 16) to base 10
111476
-6a03a8 (base 11) to base 10
-1113197
Convert -ab3b83 (base 12) to base 9.
-5110570
-43656 (base 10) to base 12
-21320
Convert -10421223 (base 5) to base 2.
-10110011110011111
-232212 (base 10) to base 9
-383473
Convert -40a16 (base 12) to base 14.
-22a8a
Convert -2644788 (base 9) to base 13.
-3b8805
-3b49a (base 13) to base 7
-640414
Convert 199a351 (base 11) to base 14.
638c18
What is adb0 (base 14) in base 16?
75be
-177662 (base 8) to base 11
-451a8
216465 (base 13) to base 3
1110212221100
-69314 (base 11) to base 15
-1ea53
Convert -200101202210 (base 3) to base 6.
-11432333
Convert -472c88 (base 13) to base 10.
-1691633
Convert 302111301 (base 4) to base 14.
55201
-1010101001101100000 (base 2) to base 6
-11251504
Convert -5b03c (base 14) to base 2.
-110110010001101110
-4863426 (base 10) to base 12
-1766596
-124434321 (base 5) to base 13
-18b23b
Convert -240043130 (base 5) to base 4.
-10023233121
4fdb1 (base 16) to base 14
872b7
What is 483667 (base 9) in base 5?
33311133
Convert 20111000110 (base 3) to base 10.
127587
What is f1e51 (base 16) in base 12?
3b9469
1c86d5 (base 16) to base 4
13020123111
-1ad16 (base 15) to base 6
-1512133
Convert 124635553 (base 7) to base 3.
120001001200111
Convert 1110102220011 (base 3) to base 7.
6412201
-1011000101110110001 (base 2) to base 11
-229071
221250522 (base 6) to base 9
7447435
What is -121010120011202 (base 3) in base 16?
-82d0f0
514445 (base 8) to base 9
278516
Convert 58d1 (base 16) to base 3.
1011012010
What is -3123414333 (base 5) in base 7?
-105652525
-2a994 (base 14) to base 4
-121322312
Convert -326468 (base 9) to base 15.
-3cbbe
Convert -1000000101110100011 (base 2) to base 11.
-171211
What is 1424426 (base 7) in base 9?
321328
Convert 10212220212 (base 3) to base 9.
125825
-19d22cb (base 14) to base 9
-26203671
Convert 54336013 (base 7) to base 14.
88dc43
What is 1203133022 (base 4) in base 2?
1100011011111001010
What is -13413413 (base 5) in base 13?
-4b122
What is -333260 (base 7) in base 8?
-162651
-3cc57d (base 14) to base 9
-3863258
430345 (base 7) to base 3
10210100101
What is 155055 (base 6) in base 3?
210002022
-62174 (base 13) to base 16
-2af98
7456 (base 10) to base 16
1d20
1000515 (base 6) to base 11
32219
Convert -141c7 (base 14) to base 13.
-1985c
Convert -17666376 (base 8) to base 3.
-21211011212202
Convert 19007d5 (base 14) to base 10.
12371511
What is d9c4d9 (base 14) in base 15?
9a918e
145463441 (base 7) to base 16
94783a
What is 1211202011 (base 4) in base 6?
12525205
-367771 (base 13) to base 6
-43523151
Convert -111212210212 (base 3) to base 7.
-2215415
-210675 (base 12) to base 16
-7ecb9
-11002201220001 (base 3) to base 8
-10241056
What is 1235005 (base 6) in base 11?
46524
2351514 (base 7) to base 14
7aa0b
2726845 (base 9) to base 6
52010322
Convert 8a0710 (base 11) to base 7.
15126434
Convert 232324122 (base 5) to base 11.
662a12
1267589 (base 10) to base 15
1a08ae
What is 1245a (base 12) in base 11?
17730
Convert -20253006 (base 8) to base 13.
-b6bc60
-2045245 (base 6) to base 14
-2847b
What is -92335 (base 12) in base 15?
-3b6d8
What is 6501cb (base 13) in base 7?
26103146
-2310108 (base 11) to base 15
-54c530
-20121110000 (base 3) to base 9
-217400
1026207 (base 8) to base 10
273543
What is 534667 (base 14) in base 16?
2afa63
What is 101143215 (base 6) in base 15?
245828
-1101121322 (base 4) to base 6
-11051402
Convert 1011101010110000100001 (base 2) to base 7.
34666361
-2503411 (base 6) to base 9
-222377
Convert -228526 (base 9) to base 12.
-67689
Wh